se -q*o + 3*y + 68 = 0, -4*o + 53 = -4*y + 3*y. Suppose -2*a = -4*j + 14, 0 = -2*j - 2*a + 35 - o. What are the prime factors of j?
2, 3
Suppose 0 = -j + 66 - 16. List the prime factors of j.
2, 5
Let x(f) = -f + 6. Let b(y) = y - 7. Let c(s) = 5*b(s) + 6*x(s). List the prime factors of c(-4).
5
Suppose -8 = -5*c + 7. Suppose -3 = c*i - 2*i. List the prime factors of 4*i/(-12)*6.
2, 3
Let d be (-2)/(-10) - (-18)/10. Let w(c) = c**2 - 2*c + 3. Let v be w(d). Suppose 9*z - 4*z = o + 23, -2*z - v*o - 1 = 0. List the prime factors of z.
2
Let i(c) = c**3 - 5*c**2 + 1. Let q be i(5). Let s = -2 - -7. List the prime factors of s - (q + 0 + -1).
5
Let l(c) = -c - 1. Let a be l(4). Let d = a - -7. List the prime factors of 120/9 - d/6.
13
Let g = -13 + 15. Suppose 4*r + 123 = 3*u, 4*u + u - g*r - 191 = 0. What are the prime factors of u?
37
Let b(r) = r**2 - 6*r - 6. Let x be b(8). Let t = 0 + x. What are the prime factors of t?
2, 5
Suppose -140 = -4*a - 4*d, -6*a + 2*a = 3*d - 138. List the prime factors of a.
3, 11
Let s = 7 + 21. What are the prime factors of s?
2, 7
Let s be -5 - 2/(-1)*1. List the prime factors of 1 + 6 + s/1.
2
Let o(d) = d + 9. Let m be o(-7). Suppose 4*y - 3*v - 91 = 0, -m*y + 6*y - 93 = 5*v. List the prime factors of y.
2, 11
Let g = -78 - -131. List the prime factors of g.
53
Let d = 5 + 136. List the prime factors of d.
3, 47
Let k = 1 + -1. What are the prime factors of 6 + 1/3*k?
2, 3
Let l(p) = p**2 + p + 2. Let m be 5 + 0 - 4/2. Suppose -5*i + m = -7. List the prime factors of l(i).
2
Suppose -2*x - 5*n + 381 = -268, 0 = -x - 4*n + 323. List the prime factors of x.
3, 109
Suppose -27 = -z + t, -t = 3*z + 3*t - 53. Let f = 3 + z. List the prime factors of f.
2, 13
Suppose -5*d + 344 = u, -5*u + 23 = 2*d - 110. List the prime factors of d.
3, 23
Suppose 0 = -3*b + 8 + 1. List the prime factors of b.
3
Let t = 25 - 25. Suppose -3*p + 119 + 52 = t. What are the prime factors of p?
3, 19
List the prime factors of (-2024)/(-32) - (-2)/(-8).
3, 7
Let c(m) be the first derivative of 2*m**2 + 4*m - 3. What are the prime factors of c(3)?
2
Let j = 58 + 49. What are the prime factors of j?
107
Suppose 0 + 10 = 5*p. Suppose -5*n + 3 = -17. What are the prime factors of ((-10)/n)/(p/(-4))?
5
Let r be 92 + 7/((-14)/8). Let k = r + -48. List the prime factors of k.
2, 5
Let j(w) = w**3 - 2*w**2 + w + 1. Let s be j(2). Suppose 0*u + 57 = s*u. List the prime factors of u.
19
Suppose -11*j = -13*j + 76. What are the prime factors of j?
2, 19
Suppose 5 = -5*p - 5*v, p - 5*p = -5*v + 22. List the prime factors of (-8)/p*(-27)/(-6).
2, 3
Let y = 12 + -12. Suppose y*o = -3*o + 12. What are the prime factors of o?
2
Suppose 25*s = 29*s - 44. What are the prime factors of s?
11
Suppose -2*f + 9*a + 247 = 8*a, 2*f = 4*a + 244. List the prime factors of f.
2, 31
Let p(f) = f**2 + 6*f - 5. Let v be p(-6). Let t = 5 + v. Suppose t = -0*z - 2*z + 16. What are the prime factors of z?
2
Let r(d) = -d - 13. Let s(b) = -6. Let m(t) = -6*r(t) + 14*s(t). What are the prime factors of m(4)?
2, 3
Suppose -3*v - 2*v = -u - 17, 7 = 3*v + u. Suppose -2*d + v*d = 7. What are the prime factors of d?
7
Let m be 2/((-1)/4*-4). Suppose -3*k + 157 = 5*c, -4*k - m*c + 4*c = -192. List the prime factors of k.
7
Let s be 4/14 - (-99)/21. Suppose 5*i = -s*p + 210, -p - 121 = -3*i - 5*p. List the prime factors of i.
47
Suppose 0 = -2*o - 4*k - 28, -2*k = -4*o + 2 - 48. Let n = 13 - 35. Let w = o - n. List the prime factors of w.
2, 5
Let u(d) be the second derivative of -d**4/12 - d**3 - d**2 + 2*d. Let p be u(-5). Let i(j) = -j**3 + 3*j**2 + 4*j - 2. List the prime factors of i(p).
2, 5
Suppose k + 400 = 6*k. List the prime factors of k.
2, 5
Suppose 3*q + 2*q - 25 = 0. Suppose 0 = -9*j + q*j + 168. List the prime factors of j.
2, 3, 7
Let x be (-1)/(-4) + 489/12. Suppose 0 = -2*z - 5*v + x, 3*z - 4*z + 25 = 4*v. What are the prime factors of z?
13
Let f(d) = -d**2 + 9*d - 10. Let w be f(7). Suppose -g + w = -0. Suppose -g = 4*x - 16. What are the prime factors of x?
3
Let m(w) = -w + 4. Let u be m(4). Suppose -3*n + u*n = 6. List the prime factors of 9/5 - n/10.
2
Suppose -13*x = -15*x + 6. What are the prime factors of x?
3
Suppose 554 = 8*v - 6*v. What are the prime factors of v?
277
Let g(s) = 2*s + s**2 - 3 + 15 - 6*s**2 + s**3 - 9. Suppose -5*w + 5 = 0, -4*j + w + 13 = -6. List the prime factors of g(j).
13
Let u(r) = 4*r + r**2 + 3 - 1 - 4 + 5. What are the prime factors of u(-5)?
2
Let o = 5 + -3. Suppose 2*z - 10 = 0, 2*i + z + 4*z - 7 = 0. List the prime factors of o + (-3)/i*3.
3
Suppose -16*v + 15*v + 101 = 0. List the prime factors of v.
101
Suppose -3*s = -154 + 16. Suppose -3*u + u + s = 0. What are the prime factors of u?
23
Suppose -17 - 59 = -2*j. Let q(k) = -k + 3. Let d be q(3). Suppose d = 2*o - 0*o - j. What are the prime factors of o?
19
Let n = 12 + 0. Suppose 3*g = g + n. List the prime factors of g.
2, 3
Suppose 0 = -0*c + 4*c - 480. What are the prime factors of c?
2, 3, 5
Let l = -17 - -40. What are the prime factors of l?
23
Let s(w) = w**3 - w**2 + w + 4. Let z be s(0). Suppose 2*r - 4*c + 6 = 0, -r - z*c + 21 = 2*r. List the prime factors of r*2*(-1 + 2).
2, 3
Suppose -2*u + 51 = 11. List the prime factors of u.
2, 5
Suppose -261 = -t - 2*t. List the prime factors of t.
3, 29
List the prime factors of (7 - 1)*(-76)/(-6).
2, 19
Let x(v) = v**3 - 2*v**3 + 24 - 3*v**2 + 4*v**2. What are the prime factors of x(0)?
2, 3
List the prime factors of ((-4700)/75)/(1/(-3)).
2, 47
Suppose 4*o = -3*j + 16 + 9, -o - 5*j + 2 = 0. Let g = 3 + o. Suppose -g = -w - 4*w, -3*w - 6 = -r. List the prime factors of r.
2, 3
List the prime factors of 6/(-21) - (-5061)/49.
103
Let s = 73 - 105. Let u = s + 70. What are the prime factors of u?
2, 19
Let n(a) = -5*a + 4. Let f(h) = -9*h + 8. Let u = -3 - 0. Let y(g) = u*f(g) + 5*n(g). List the prime factors of y(8).
2, 3
Let t be 3/((-2)/4*3). Let c be (9/6 + t)*0. Suppose c = -2*b + 5*b - 18. List the prime factors of b.
2, 3
List the prime factors of 132/55 - (-2)/(-5).
2
Suppose 0 = 3*n - x - 732 - 153, -4*n = -3*x - 1175. List the prime factors of n.
2, 37
Suppose 25 = 5*y + 3*g, 2 = -3*y - y + 2*g. Let x be 1/1 + (-2)/y. Suppose -4*n + 23 + 1 = x. What are the prime factors of n?
2, 3
Let z(x) = -x**3 + x**2 - x. Let k(t) = 3*t**3 - 9*t**2 - t + 1. Let j(a) = k(a) + 4*z(a). List the prime factors of j(-5).
2, 13
Let t(x) = -x + 4. Let i be t(4). What are the prime factors of 60/5 - (1 + i)?
11
Let f = 11 + -14. Let a = 12 + f. What are the prime factors of a?
3
Suppose 11 + 19 = 5*a. Suppose -l - 3*l = 0. Suppose -b = -l*b - a. What are the prime factors of b?
2, 3
Suppose -16 = -5*m + 4. Suppose d = m*d - 60. Suppose -d = -c - 5. What are the prime factors of c?
3, 5
Suppose -b - 4*b + 20 = 0. Let f(t) = t**3 - 2*t**2 - 4*t + 1. List the prime factors of f(b).
17
Suppose 2*z + 1686 = 8*z. What are the prime factors of z?
281
Suppose 3*f = 5*f - 8, 3*f - 52 = 5*b. What are the prime factors of (1 + -2)*440/b?
5, 11
Let m = 99 - 52. Suppose -b - 2*v + m = 2*b, 3*b = 5*v + 40. List the prime factors of b.
3, 5
Let n = -32 + 58. List the prime factors of n.
2, 13
Let a(v) = -v**2 + 6*v + 5. Suppose 5*f - 2*f = 18. Let g be 3*1 + (9 - f). What are the prime factors of a(g)?
5
Let g(v) be the first derivative of v**2 - 4*v + 4. Let f be g(6). Let j(c) = c + 10. List the prime factors of j(f).
2, 3
List the prime factors of 20 + 6*(-2)/(-6).
2, 11
Let h = 55 - 7. What are the prime factors of h?
2, 3
Let a(p) = -p**2 - 2*p + 7. Let v(i) = -i**2 + 1. Let l(b) = a(b) - 2*v(b). Let s be l(-6). Let o = s + -31. List the prime factors of o.
2, 11
Let l = 4 - 52. What are the prime factors of -3 - (-5)/((-15)/l)?
13
Let d(a) = -4 + 6*a + 2*a**2 - a**2 + 1 - 2. What are the prime factors of d(-7)?
2
Suppose 0 = 4*r + 5*k - 833, -8*r + 3*k + 793 = -4*r. What are the prime factors of r?
2, 101
Let w(r) = -r**3 - 11*r**2 + 6. Let h(m) = m**3 - m**2 - m - 11. Let u be h(0). Let s be w(u). What are the prime factors of ((-6)/(-8))/(s/96)?
2, 3
Let i(o) = -o**3 + 2*o**2 + 3*o + 4. Let g be i(3). Suppose -4*f - 61 = -3*t, -64 = -g*t - 2*f + 3*f. What are the prime factors of t?
3, 5
Let z(n) = -n**2 + 6*n - 2. What are the p